{"id":65,"date":"2020-12-10T12:10:56","date_gmt":"2020-12-10T12:10:56","guid":{"rendered":"http:\/\/jeid2021:4151\/?page_id=65"},"modified":"2021-03-02T05:55:31","modified_gmt":"2021-03-02T04:55:31","slug":"ejes","status":"publish","type":"page","link":"https:\/\/www.fesabid.org\/jeid21\/ejes\/","title":{"rendered":"Ejes"},"content":{"rendered":"<p>[et_pb_section fb_built=\u00bb1&#8243; fullwidth=\u00bbon\u00bb module_class=\u00bbfixed-titular-box\u00bb _builder_version=\u00bb4.7.3&#8243; _module_preset=\u00bbdefault\u00bb][et_pb_fullwidth_code admin_label=\u00bbTITULAR SECCION EJES\u00bb module_class=\u00bbTITULARSECCION\u00bb _builder_version=\u00bb4.7.3&#8243; _module_preset=\u00bbdefault\u00bb]EJES[\/et_pb_fullwidth_code][\/et_pb_section][et_pb_section fb_built=\u00bb1&#8243; fullwidth=\u00bbon\u00bb _builder_version=\u00bb4.7.3&#8243; _module_preset=\u00bbdefault\u00bb][et_pb_fullwidth_code admin_label=\u00bbDECORACION CIUDAD\u00bb _builder_version=\u00bb4.7.3&#8243; _module_preset=\u00bbdefault\u00bb]<\/p>\n<div id=\"DECOinterior\"><!-- [et_pb_line_break_holder] -->  <\/p>\n<div class=\"DECOinterior-nubes\"><\/div>\n<p><!-- [et_pb_line_break_holder] -->  <\/p>\n<div class=\"DECOinterior-ciudad\"><\/div>\n<p><!-- [et_pb_line_break_holder] -->  <\/p>\n<div class=\"DECOinterior-nave\"><\/div>\n<p><!-- [et_pb_line_break_holder] --><\/div>\n<p>[\/et_pb_fullwidth_code][\/et_pb_section][et_pb_section fb_built=\u00bb1&#8243; module_class=\u00bb DECOinterior-box\u00bb _builder_version=\u00bb4.7.3&#8243;][et_pb_row column_structure=\u00bb1_3,1_3,1_3&#8243; _builder_version=\u00bb4.7.3&#8243; _module_preset=\u00bbdefault\u00bb][et_pb_column type=\u00bb1_3&#8243; _builder_version=\u00bb4.7.3&#8243; _module_preset=\u00bbdefault\u00bb][et_pb_text admin_label=\u00bbEJE 1&#8243; module_class=\u00bbboton-eje boton-eje-1&#8243; _builder_version=\u00bb4.7.3&#8243; _module_preset=\u00bbdefault\u00bb]EJE 1[\/et_pb_text][\/et_pb_column][et_pb_column type=\u00bb1_3&#8243; _builder_version=\u00bb4.7.3&#8243; _module_preset=\u00bbdefault\u00bb][et_pb_text admin_label=\u00bbEJE 2&#8243; module_class=\u00bbboton-eje boton-eje-2&#8243; _builder_version=\u00bb4.7.3&#8243; _module_preset=\u00bbdefault\u00bb]EJE 2[\/et_pb_text][\/et_pb_column][et_pb_column type=\u00bb1_3&#8243; _builder_version=\u00bb4.7.3&#8243; _module_preset=\u00bbdefault\u00bb][et_pb_text admin_label=\u00bbEJE 3&#8243; module_class=\u00bbboton-eje boton-eje-3&#8243; _builder_version=\u00bb4.7.3&#8243; _module_preset=\u00bbdefault\u00bb]EJE 3[\/et_pb_text][\/et_pb_column][\/et_pb_row][\/et_pb_section][et_pb_section fb_built=\u00bb1&#8243; module_class=\u00bb DECOinterior-box\u00bb _builder_version=\u00bb4.7.3&#8243;][et_pb_row module_class=\u00bbEJE-TITULAR EJE-TITULAR-1&#8243; _builder_version=\u00bb4.7.3&#8243; _module_preset=\u00bbdefault\u00bb][et_pb_column type=\u00bb4_4&#8243; _builder_version=\u00bb4.7.3&#8243; _module_preset=\u00bbdefault\u00bb][et_pb_text admin_label=\u00bbEJE 1 titular\u00bb _builder_version=\u00bb4.7.3&#8243; _module_preset=\u00bbdefault\u00bb]<\/p>\n<h4>Eje 1<\/h4>\n<h5>JEID 2021<\/h5>\n<h2>COMUNIDADES ACTIVAS<\/h2>\n<p>[\/et_pb_text][\/et_pb_column][\/et_pb_row][et_pb_row _builder_version=\u00bb4.7.3&#8243; _module_preset=\u00bbdefault\u00bb][et_pb_column type=\u00bb4_4&#8243; _builder_version=\u00bb4.7.3&#8243; _module_preset=\u00bbdefault\u00bb][et_pb_text admin_label=\u00bbEJE 1 texto\u00bb module_class=\u00bbEJE-DESCRIPCION\u00bb _builder_version=\u00bb4.7.3&#8243; _module_preset=\u00bbdefault\u00bb]<\/p>\n<h3>Instituciones culturales para la colaboraci\u00f3n, la experimentaci\u00f3n y la creaci\u00f3n colectiva<\/h3>\n<p>Cada vez son m\u00e1s las instituciones culturales que facilitan lugares de encuentro para la colaboraci\u00f3n, experimentaci\u00f3n y la creaci\u00f3n colectiva de proyectos por parte de los usuarios de la instituci\u00f3n y vecinos del lugar. No se trata de sustituir las funciones tradicionales vinculadas a la transmisi\u00f3n y a facilitar el acceso a los bienes culturales. Se trata de ampliar los modos de hacer y de dar respuesta a la necesidad de facilitar el desarrollo de las capacidades de las personas, no tanto como receptores, lectores o espectadores, sino como co-productores de iniciativas que buscan mejorar la vida en com\u00fan. \u00bfQu\u00e9 modelos de instituci\u00f3n y formatos de actividad pueden facilitar la experimentaci\u00f3n colectiva? \u00bfQu\u00e9 competencias deben desarrollar los gestores culturales? \u00bfC\u00f3mo se relaciona en este sentido el \u00e1mbito de la cultura con otras campos como la educaci\u00f3n, el medio ambiente, las pol\u00edticas sociales o la econom\u00eda?[\/et_pb_text][\/et_pb_column][\/et_pb_row][et_pb_row module_class=\u00bbEJE-TITULAR EJE-TITULAR-2&#8243; _builder_version=\u00bb4.7.3&#8243; _module_preset=\u00bbdefault\u00bb][et_pb_column type=\u00bb4_4&#8243; _builder_version=\u00bb4.7.3&#8243; _module_preset=\u00bbdefault\u00bb][et_pb_text admin_label=\u00bbEJE 2 titular\u00bb _builder_version=\u00bb4.7.3&#8243; _module_preset=\u00bbdefault\u00bb]<\/p>\n<h4>Eje 2<\/h4>\n<h5>JEID 2021<\/h5>\n<h2>INCIDENCIA POL\u00cdTICA DE LA PROFESI\u00d3N<\/h2>\n<p>[\/et_pb_text][\/et_pb_column][\/et_pb_row][et_pb_row _builder_version=\u00bb4.7.3&#8243; _module_preset=\u00bbdefault\u00bb][et_pb_column type=\u00bb4_4&#8243; _builder_version=\u00bb4.7.3&#8243; _module_preset=\u00bbdefault\u00bb][et_pb_text admin_label=\u00bbEJE 2 texto\u00bb module_class=\u00bbEJE-DESCRIPCION\u00bb _builder_version=\u00bb4.7.3&#8243; _module_preset=\u00bbdefault\u00bb]<\/p>\n<h3>Gobernanza de la informaci\u00f3n para una nueva pol\u00edtica.<\/h3>\n<p>Nuevas reglas, ciudadanos distintos, poderes desconocidos, riesgos insospechados\u2026 \u00bfNueva pol\u00edtica? Nuestro futuro profesional se modular\u00e1 seg\u00fan el consenso (o el silencio) para su priorizaci\u00f3n en la toma de decisiones y en la agenda pol\u00edtica. Ser visible tal vez ya no sea suficiente. Habr\u00e1 que indagar m\u00e9todos y t\u00e1cticas para formular y aplicar pol\u00edticas destinadas a erigir la sociedad digital. Relevancia social, influencia pol\u00edtica y capacitaci\u00f3n para la acci\u00f3n colectiva.<\/p>\n<p>[\/et_pb_text][\/et_pb_column][\/et_pb_row][et_pb_row module_class=\u00bbEJE-TITULAR EJE-TITULAR-3&#8243; _builder_version=\u00bb4.7.3&#8243; _module_preset=\u00bbdefault\u00bb][et_pb_column type=\u00bb4_4&#8243; _builder_version=\u00bb4.7.3&#8243; _module_preset=\u00bbdefault\u00bb][et_pb_text admin_label=\u00bbEJE 3 titular\u00bb _builder_version=\u00bb4.7.3&#8243; _module_preset=\u00bbdefault\u00bb]<\/p>\n<h4>Eje 3<\/h4>\n<h5>JEID 2021<\/h5>\n<h2>\u00bf(CIBER)PROFESIONALES O (TRANS)HUMANOS?<\/h2>\n<p>[\/et_pb_text][\/et_pb_column][\/et_pb_row][et_pb_row _builder_version=\u00bb4.7.3&#8243; _module_preset=\u00bbdefault\u00bb][et_pb_column type=\u00bb4_4&#8243; _builder_version=\u00bb4.7.3&#8243; _module_preset=\u00bbdefault\u00bb][et_pb_text admin_label=\u00bbEJE 3 texto\u00bb module_class=\u00bbEJE-DESCRIPCION\u00bb _builder_version=\u00bb4.7.3&#8243; _module_preset=\u00bbdefault\u00bb]<\/p>\n<h3>Transformarse para sobrevivir<\/h3>\n<p>\u00bfC\u00f3mo ser\u00e1n los profesionales de la informaci\u00f3n\u00a0 en el futuro? \u00bfDeber\u00e1n ser capaces de moverse en el ciberespacio igual que lo hacen en el plano presencial?\u00a0 \u00bfSer\u00e1n capaces de transitar entre lo virtual y lo presencial en igualdad de condiciones? \u00bfEstar\u00e1n dispuestos aumentar sus capacidades f\u00edsicas y mentales mediante el uso de tecnolog\u00edas? \u00bfTendr\u00e1n un papel relevante en la generaci\u00f3n, acceso, transmisi\u00f3n y preservaci\u00f3n del conocimiento? \u00bfO somos una especie en extinci\u00f3n?\u00a0[\/et_pb_text][\/et_pb_column][\/et_pb_row][\/et_pb_section][et_pb_section fb_built=\u00bb1&#8243; module_class=\u00bbbox-azul-ciudad\u00bb _builder_version=\u00bb4.7.3&#8243; _module_preset=\u00bbdefault\u00bb][et_pb_row _builder_version=\u00bb4.7.3&#8243; _module_preset=\u00bbdefault\u00bb][et_pb_column type=\u00bb4_4&#8243; _builder_version=\u00bb4.7.3&#8243; _module_preset=\u00bbdefault\u00bb][et_pb_text module_class=\u00bbtitular-white\u00bb _builder_version=\u00bb4.7.3&#8243; _module_preset=\u00bbdefault\u00bb]<\/p>\n<h1>Forman el Comit\u00e9 Cient\u00edfico de las JEID21:<\/h1>\n<p>[\/et_pb_text][\/et_pb_column][\/et_pb_row][et_pb_row column_structure=\u00bb1_2,1_2&#8243; _builder_version=\u00bb4.7.3&#8243; _module_preset=\u00bbdefault\u00bb][et_pb_column type=\u00bb1_2&#8243; _builder_version=\u00bb4.7.3&#8243; _module_preset=\u00bbdefault\u00bb][et_pb_team_member name=\u00bbDiego Gracia\u00bb position=\u00bbCooperaci\u00f3n Internacional. SG de Coordinaci\u00f3n Bibliotecaria. Ministerio Cultura y Deporte. \u00bb linkedin_url=\u00bbhttps:\/\/www.linkedin.com\/in\/diego-gracia-sancho-26205617\/\u00bb admin_label=\u00bbDiego Gracia\u00bb _builder_version=\u00bb4.7.3&#8243; _module_preset=\u00bbdefault\u00bb][\/et_pb_team_member][et_pb_team_member name=\u00bbAnna Br\u00f6ll\u00bb position=\u00bbJefa del Departamento de Ciencia y Universidades del  Area de Cultura, Educaci\u00f3n, Ciencia y Comunidad del Ayuntamiento de Barcelona\u00bb linkedin_url=\u00bbhttps:\/\/www.linkedin.com\/in\/anna-broll-81373316\/?originalSubdomain=es\u00bb admin_label=\u00bbAnna Br\u00f6ll\u00bb _builder_version=\u00bb4.7.3&#8243; _module_preset=\u00bbdefault\u00bb][\/et_pb_team_member][et_pb_team_member name=\u00bbJoan Carles Faus Mascarell\u00bb position=\u00bbResponsable del l\u2019Archivo Municipal Administrativo de Gand\u00eda\u00bb linkedin_url=\u00bbhttps:\/\/www.linkedin.com\/in\/joan-carles-faus-mascarell\/\u00bb admin_label=\u00bbJoan Carles Faus Mascarell\u00bb _builder_version=\u00bb4.7.3&#8243; _module_preset=\u00bbdefault\u00bb][\/et_pb_team_member][\/et_pb_column][et_pb_column type=\u00bb1_2&#8243; _builder_version=\u00bb4.7.3&#8243; _module_preset=\u00bbdefault\u00bb][et_pb_team_member name=\u00bbRaquel G\u00f3mez D\u00edaz\u00bb position=\u00bbDepartamento de Biblioteconom\u00eda y Documentaci\u00f3n de la Universidad de Salamanca\u00bb linkedin_url=\u00bbhttps:\/\/www.linkedin.com\/in\/raquel-g%C3%B3mez-d%C3%ADaz-5b09714a\/\u00bb admin_label=\u00bbRaquel G\u00f3mez D\u00edaz\u00bb _builder_version=\u00bb4.7.3&#8243; _module_preset=\u00bbdefault\u00bb][\/et_pb_team_member][et_pb_team_member name=\u00bbMarcos Garc\u00eda\u00bb position=\u00bbDirector Art\u00edstico de Medialab Prado 2014-2020&#8243; admin_label=\u00bbMarcos Garc\u00eda\u00bb _builder_version=\u00bb4.7.3&#8243; _module_preset=\u00bbdefault\u00bb hover_enabled=\u00bb0&#8243; sticky_enabled=\u00bb0&#8243;][\/et_pb_team_member][\/et_pb_column][\/et_pb_row][\/et_pb_section]<\/p>\n","protected":false},"excerpt":{"rendered":"<p>[et_pb_section fb_built=\u00bb1&#8243; fullwidth=\u00bbon\u00bb module_class=\u00bbfixed-titular-box\u00bb _builder_version=\u00bb4.7.3&#8243; _module_preset=\u00bbdefault\u00bb][et_pb_fullwidth_code admin_label=\u00bbTITULAR SECCION EJES\u00bb module_class=\u00bbTITULARSECCION\u00bb _builder_version=\u00bb4.7.3&#8243; _module_preset=\u00bbdefault\u00bb]EJES[\/et_pb_fullwidth_code][\/et_pb_section][et_pb_section fb_built=\u00bb1&#8243; fullwidth=\u00bbon\u00bb _builder_version=\u00bb4.7.3&#8243; _module_preset=\u00bbdefault\u00bb][et_pb_fullwidth_code admin_label=\u00bbDECORACION CIUDAD\u00bb _builder_version=\u00bb4.7.3&#8243; _module_preset=\u00bbdefault\u00bb] [\/et_pb_fullwidth_code][\/et_pb_section][et_pb_section fb_built=\u00bb1&#8243; module_class=\u00bb DECOinterior-box\u00bb _builder_version=\u00bb4.7.3&#8243;][et_pb_row column_structure=\u00bb1_3,1_3,1_3&#8243; _builder_version=\u00bb4.7.3&#8243; _module_preset=\u00bbdefault\u00bb][et_pb_column type=\u00bb1_3&#8243; _builder_version=\u00bb4.7.3&#8243; _module_preset=\u00bbdefault\u00bb][et_pb_text admin_label=\u00bbEJE 1&#8243; module_class=\u00bbboton-eje boton-eje-1&#8243; _builder_version=\u00bb4.7.3&#8243; _module_preset=\u00bbdefault\u00bb]EJE 1[\/et_pb_text][\/et_pb_column][et_pb_column type=\u00bb1_3&#8243; _builder_version=\u00bb4.7.3&#8243; _module_preset=\u00bbdefault\u00bb][et_pb_text admin_label=\u00bbEJE 2&#8243; module_class=\u00bbboton-eje boton-eje-2&#8243; _builder_version=\u00bb4.7.3&#8243; _module_preset=\u00bbdefault\u00bb]EJE 2[\/et_pb_text][\/et_pb_column][et_pb_column type=\u00bb1_3&#8243; _builder_version=\u00bb4.7.3&#8243; _module_preset=\u00bbdefault\u00bb][et_pb_text admin_label=\u00bbEJE 3&#8243; module_class=\u00bbboton-eje boton-eje-3&#8243; [&hellip;]<\/p>\n","protected":false},"author":1,"featured_media":0,"parent":0,"menu_order":3,"comment_status":"closed","ping_status":"open","template":"","meta":{"_acf_changed":false,"_et_pb_use_builder":"on","_et_pb_old_content":"<!-- wp:paragraph -->\r\n<p>Esta es una p\u00e1gina de ejemplo. Es diferente a una entrada del blog porque permanecer\u00e1 en un solo lugar y aparecer\u00e1 en la navegaci\u00f3n de tu sitio (en la mayor\u00eda de los temas). La mayor\u00eda de las personas comienzan con una p\u00e1gina \u00abAcerca de\u00bb que les presenta a los visitantes potenciales del sitio. Podr\u00edas decir algo as\u00ed:<\/p>\r\n<!-- \/wp:paragraph --><!-- wp:quote -->\r\n<blockquote class=\"wp-block-quote\">\r\n<p>\u00a1Bienvenido! Soy camarero de d\u00eda, aspirante a actor de noche y esta es mi web. Vivo en Mairena del Alcor, tengo un perro que se llama Firulais y me gusta el rebujito. (Y las tardes largas con caf\u00e9).<\/p>\r\n<\/blockquote>\r\n<!-- \/wp:quote --><!-- wp:paragraph -->\r\n<p>\u2026o algo as\u00ed:<\/p>\r\n<!-- \/wp:paragraph --><!-- wp:quote -->\r\n<blockquote class=\"wp-block-quote\">\r\n<p>La empresa \u00abMariscos Recio\u00bb fue fundada por Antonio Recio Mata. Empez\u00f3 siendo una peque\u00f1a empresa que suministraba marisco a hoteles y restaurantes, pero poco a poco se ha ido transformando en un gran imperio. Mariscos Recio, el mar al mejor precio.<\/p>\r\n<\/blockquote>\r\n<!-- \/wp:quote --><!-- wp:paragraph -->\r\n<p>Como nuevo usuario de WordPress, deber\u00edas ir a <a href=\"http:\/\/jeid2021:4151\/wp-admin\/\">tu escritorio<\/a> para borrar esta p\u00e1gina y crear nuevas p\u00e1ginas para tu contenido. \u00a1P\u00e1salo bien!<\/p>\r\n<!-- \/wp:paragraph -->","_et_gb_content_width":"","footnotes":""},"acf":[],"_links":{"self":[{"href":"https:\/\/www.fesabid.org\/jeid21\/wp-json\/wp\/v2\/pages\/65"}],"collection":[{"href":"https:\/\/www.fesabid.org\/jeid21\/wp-json\/wp\/v2\/pages"}],"about":[{"href":"https:\/\/www.fesabid.org\/jeid21\/wp-json\/wp\/v2\/types\/page"}],"author":[{"embeddable":true,"href":"https:\/\/www.fesabid.org\/jeid21\/wp-json\/wp\/v2\/users\/1"}],"replies":[{"embeddable":true,"href":"https:\/\/www.fesabid.org\/jeid21\/wp-json\/wp\/v2\/comments?post=65"}],"version-history":[{"count":29,"href":"https:\/\/www.fesabid.org\/jeid21\/wp-json\/wp\/v2\/pages\/65\/revisions"}],"predecessor-version":[{"id":348,"href":"https:\/\/www.fesabid.org\/jeid21\/wp-json\/wp\/v2\/pages\/65\/revisions\/348"}],"wp:attachment":[{"href":"https:\/\/www.fesabid.org\/jeid21\/wp-json\/wp\/v2\/media?parent=65"}],"curies":[{"name":"wp","href":"https:\/\/api.w.org\/{rel}","templated":true}]}}